he prime factors of 128509931.
11, 11682721
List the prime factors of 18120687.
3, 13, 103, 347
List the prime factors of 31247289.
3, 41, 97
What are the prime factors of 144395363?
7, 743, 27763
List the prime factors of 2631847011.
3, 877282337
List the prime factors of 3234762002.
2, 2161, 748441
What are the prime factors of 16415659?
13, 17, 74279
What are the prime factors of 49593943?
7, 7084849
What are the prime factors of 38878245?
3, 5, 7, 41141
What are the prime factors of 367042219?
131, 1069, 2621
List the prime factors of 2529517786.
2, 1264758893
List the prime factors of 123268858.
2, 2657, 23197
What are the prime factors of 58444605?
3, 5, 432923
List the prime factors of 1612921898.
2, 7, 3203, 35969
What are the prime factors of 140389079?
23, 151, 40423
List the prime factors of 43442512.
2, 19, 142903
What are the prime factors of 7303642883?
19, 2713, 141689
List the prime factors of 994029017.
337, 439, 6719
List the prime factors of 1031504227.
13, 79346479
What are the prime factors of 29711345?
5, 19, 149, 2099
List the prime factors of 70242148.
2, 859, 20443
What are the prime factors of 1821076133?
1821076133
What are the prime factors of 67874557?
17, 41, 97381
What are the prime factors of 2122741628?
2, 7, 75812201
What are the prime factors of 1362496960?
2, 5, 11, 17, 22769
List the prime factors of 59183008.
2, 41, 79, 571
What are the prime factors of 730732016?
2, 7, 67, 97379
List the prime factors of 275947259.
7, 89, 233, 1901
What are the prime factors of 31657806?
2, 3, 139, 12653
List the prime factors of 1371839111.
1371839111
List the prime factors of 51870879.
3, 29, 353, 563
List the prime factors of 372418973.
372418973
List the prime factors of 638952620.
2, 5, 31947631
What are the prime factors of 290596573?
31, 9374083
What are the prime factors of 103247523?
3, 11471947
List the prime factors of 3036870608.
2, 31, 37, 165479
What are the prime factors of 1905512054?
2, 163, 331, 17659
What are the prime factors of 242009519?
23, 10522153
List the prime factors of 73041392.
2, 71, 113, 569
List the prime factors of 725490804.
2, 3, 401, 150767
What are the prime factors of 27554382?
2, 3, 17, 53, 1699
List the prime factors of 2108738430.
2, 3, 5, 1627, 14401
List the prime factors of 366532338.
2, 3, 109, 560447
List the prime factors of 313093057.
313093057
List the prime factors of 26282599.
7, 41, 91577
List the prime factors of 32249674.
2, 151, 106787
What are the prime factors of 801664285?
5, 151, 1061807
List the prime factors of 28724691.
3, 37, 251, 1031
What are the prime factors of 31852067?
13, 17, 101, 1427
List the prime factors of 51506203.
7, 1051147
List the prime factors of 47016499.
47016499
List the prime factors of 21088863.
3, 781069
What are the prime factors of 513669953?
29, 1871, 9467
List the prime factors of 99282577.
99282577
List the prime factors of 395782253.
17, 47, 495347
What are the prime factors of 1596792306?
2, 3, 1973, 134887
What are the prime factors of 82886743?
113, 733511
List the prime factors of 26456836.
2, 7, 944887
List the prime factors of 802540384.
2, 25079387
List the prime factors of 260282270.
2, 5, 67, 388481
What are the prime factors of 68154496?
2, 17, 31321
What are the prime factors of 17255817?
3, 1917313
List the prime factors of 133241319.
3, 19, 779189
What are the prime factors of 3343810369?
3343810369
What are the prime factors of 1106929314?
2, 3, 6832897
List the prime factors of 17418570.
2, 3, 5, 13, 59, 757
List the prime factors of 3002846537.
3002846537
What are the prime factors of 465354244?
2, 116338561
List the prime factors of 288272533.
4373, 65921
What are the prime factors of 185883543?
3, 47, 439441
List the prime factors of 654772485.
3, 5, 5639, 7741
What are the prime factors of 261622130?
2, 5, 7, 11, 339769
List the prime factors of 501906463.
73, 6875431
What are the prime factors of 408847362?
2, 3, 7, 11, 884951
What are the prime factors of 883714034?
2, 7, 63122431
What are the prime factors of 31256474?
2, 15628237
List the prime factors of 1149747066.
2, 3, 13, 4913449
List the prime factors of 158218406.
2, 3691, 21433
List the prime factors of 46026728.
2, 11, 523031
List the prime factors of 2493932336.
2, 7, 22267253
What are the prime factors of 270191074?
2, 23, 5873719
List the prime factors of 50184937.
11, 673, 6779
What are the prime factors of 328563018?
2, 3, 7, 373, 6991
What are the prime factors of 271886605?
5, 2647, 20543
List the prime factors of 6181449082.
2, 12583, 245627
What are the prime factors of 494823979?
13, 38063383
List the prime factors of 252437293.
252437293
List the prime factors of 344029169.
11, 227, 137777
What are the prime factors of 837131244?
2, 3, 683, 102139
List the prime factors of 84905354.
2, 42452677
List the prime factors of 473991068.
2, 118497767
List the prime factors of 4063088020.
2, 5, 73, 2782937
What are the prime factors of 76406031?
3, 13, 217681
List the prime factors of 345278242.
2, 172639121
List the prime factors of 52500980.
2, 5, 7, 31, 12097
List the prime factors of 47377515.
3, 5, 197, 16033
What are the prime factors of 41877584?
2, 7, 79, 4733
List the prime factors of 71894517.
3, 83, 288733
List the prime factors of 674672311.
19, 35509069
List the prime factors of 382227329.
11, 101, 344039
List the prime factors of 7666674.
2, 3, 199, 6421
What are the prime factors of 4320590297?
4320590297
What are the prime factors of 566603875?
5, 4532831
List the prime factors of 99077850.
2, 3, 5, 79, 929
List the prime factors of 484361757.
3, 11, 4892543
List the prime factors of 38512119.
3, 12837373
List the prime factors of 130593229.
13, 337, 2293
What are the prime factors of 661514091?
3, 7, 113, 278767
List the prime factors of 320601305.
5, 64120261
List the prime factors of 2930970536.
2, 13, 107, 263387
What are the prime factors of 1239010522?
2, 47, 181, 72823
List the prime factors of 2547528565.
5, 9227, 55219
What are the prime factors of 7494572921?
11, 29, 23493959
List the prime factors of 34869152.
2, 1089661
List the prime factors of 242558454.
2, 3, 40426409
What are the prime factors of 2112013166?
2, 113, 9345191
List the prime factors of 497763534.
2, 3, 41, 71, 28499
List the prime factors of 667585698.
2, 3, 13, 41, 199, 1049
What are the prime factors of 4285761344?
2, 66965021
What are the prime factors of 72161257?
7, 227, 45413
List the prime factors of 84540818.
2, 42270409
What are the prime factors of 296347896?
2, 3, 13, 127, 277
List the prime factors of 603044588.
2, 397, 379751
List the prime factors of 2013703181.
7, 287671883
List the prime factors of 910010264.
2, 37, 367, 8377
List the prime factors of 1578516446.
2, 13, 71, 65777
List the prime factors of 313557998.
2, 13, 12059923
What are the prime factors of 58691825?
5, 271, 8663
What are the prime factors of 72381458?
2, 241, 150169
List the prime factors of 268082378.
2, 134041189
What are the prime factors of 130076589?
3, 31, 47, 29759
List the prime factors of 2265425.
5, 90617
What are the prime factors of 1539712491?
3, 17, 30190441
What are the prime factors of 1146801707?
293, 317, 12347
What are the prime factors of 708204272?
2, 37, 47, 25453
What are the prime factors of 809905952?
2, 25309561
What are the prime factors of 168426849?
3, 19, 37, 79861
What are the prime factors of 48931286?
2, 41, 541, 1103
What are the prime factors of 7829872?
2, 489367
What are the prime factors of 94620171?
3, 19, 421, 3943
List the prime factors of 1553676637.
101, 131, 117427
List the prime factors of 73372357.
17, 19, 227159
What are the prime factors of 30310521?
3, 41, 83, 2969
What are the prime factors of 582277063?
167, 3486689
What are the prime factors of 76682792?
2, 41, 389, 601
What are the prime factors of 133783672?
2, 11, 1021, 1489
What are the prime factors of 45624179?
45624179
What are the prime factors of 3814005?
3, 5, 13, 19559
What are the prime factors of 250996608?
2, 3, 23, 9473
List the prime factors of 1136527772.
2, 6911, 41113
List the prime factors of 65630119.
37, 79, 22453
List the prime factors of 73980894.
2, 3, 13, 89, 10657
What are the prime factors of 438108979?
7, 11, 71, 127, 631
What a